1, -6*o = -5*o - 3*i - 201. Calculate the remainder when o is divided by 9.
6
What is the remainder when 133 is divided by (51/(-9))/(5/(-30))?
31
Let t(v) = v**3 - 6*v**2 + 4*v + 6. Let q be t(5). Let r = q + -1. Suppose -3*x - x + 60 = r. Calculate the remainder when x is divided by 8.
7
Let s(v) = -20*v + 37. Let m = -5 - -15. What is the remainder when s(0) is divided by m?
7
Let y(z) = z**3 + 6*z**2 + 6*z + 5. Let h = 8 + -12. What is the remainder when y(h) is divided by 8?
5
Let k(o) = -2*o - 2. Let i be k(-2). Let z = 4 - i. Suppose 5*q + 25 = 0, -2*q = 4*l - 4*q - 26. What is the remainder when l is divided by z?
0
Let c = 85 + -41. Calculate the remainder when c is divided by 16.
12
Let v(t) = -40*t + 1. Let p be v(-2). Suppose -2*r = -5*b - p - 4, r - 3*b = 44. Calculate the remainder when r is divided by 12.
11
Let g = -3 - -7. Suppose -5*m + g*p - 158 = 0, 0*m + 114 = -3*m - 4*p. Calculate the remainder when 50 is divided by ((-2)/(-4))/(-1)*m.
16
Let d = -4 + 6. Suppose -20 = -7*o + d*o. What is the remainder when 6 is divided by o?
2
Suppose -2*p - 3 = -9. Suppose -50 = q - p*q. What is the remainder when q is divided by 13?
12
Suppose 0 = l + 2*z - 27, 12 = 4*l - 3*z - 129. What is the remainder when l is divided by 17?
16
Let c be 6/(-3) + 132/1. Let o = 47 - 27. Calculate the remainder when (c/15)/(2/9) is divided by o.
19
Suppose -4*b + 4 = 0, -5*n + 2*b = 4 + 8. Suppose 0 = 3*q - 4*k + 2*k - 83, q - 5*k - 45 = 0. What is the remainder when q is divided by ((-3)/n)/(2/12)?
7
Suppose 0 = 5*u - 4*k - 290 + 103, 4*u - 5*k = 155. Calculate the remainder when u is divided by 9.
8
Let s = 16 + -14. Suppose x - s = 8. Calculate the remainder when x is divided by (0 + 1)/(1/6).
4
Let f = 36 - -5. What is the remainder when f is divided by 22?
19
Let h = 41 + -30. Let c(x) = -x**2 + 11*x + 1. Calculate the remainder when c(9) is divided by h.
8
Let y(w) = w**3 + w**2 + 6. Calculate the remainder when 175/35*1*34/10 is divided by y(0).
5
Let l be (-3 - 7/(-2))*-10. What is the remainder when 5 is divided by 4/(-10)*(0 + l)?
1
Let u be 14/21*6/4. Let m(i) = 8*i**3 - 2*i**2 + 1. Calculate the remainder when 20 is divided by m(u).
6
Suppose 2*z = 8*z - 48. What is the remainder when 25 is divided by z?
1
Let q(d) = -d - 2. Let f be q(-6). Suppose -f*h + k = -19, 0*k = -h - 2*k - 2. What is the remainder when 10 is divided by h?
2
Suppose 3*u - 2*u = 0, u + 498 = 3*j. Calculate the remainder when j is divided by 12.
10
Let v(s) = s**3 - s**2 - 1. Let m be v(2). Let r(t) = 5*t - 1. Calculate the remainder when (-87)/(-3) + 1 + -3 is divided by r(m).
13
Suppose o + 190 = 6*o. Let s = o + -1. Let z = -17 + s. Calculate the remainder when z is divided by 7.
6
Let t be 3/(-1) - (5 + -2). Let o be (t/9)/(4/(-42)). Suppose o = 2*s - 7. What is the remainder when 20 is divided by s?
6
Let v = -193 - -374. Suppose -2*o + v = -43. Suppose -o = -5*w + x, 0*w - 2*w + 34 = -4*x. What is the remainder when w is divided by 8?
7
Let t(u) = -u**3 - 9*u**2 - 3*u - 9. Calculate the remainder when t(-9) is divided by 10.
8
Suppose w - 7 = 47. Let u(q) = -2*q**3 - 4*q**2 + 2*q + 2. What is the remainder when w is divided by u(-3)?
12
Suppose -c + 6*w = 2*w - 10, -40 = -2*c + 3*w. Let q(m) = 2*m**3 - 3*m**2 + 3*m - 3. Calculate the remainder when c is divided by q(2).
5
Let l(w) be the first derivative of 3 + w**2 + 7/3*w**3 - 2*w. What is the remainder when l(-2) is divided by 12?
10
Let a = -4 + 8. Calculate the remainder when (-6)/a*(-1 + -1) is divided by 3.
0
Suppose -5*w - 3*l + 15 = 0, w - 4*w = 3*l - 9. What is the remainder when 10 is divided by w?
1
Let c(n) = n**3 + 6*n**2 + 4*n. Let a be c(-5). Let u(y) = 1 + 0*y + 3 + y + 0*y. Calculate the remainder when 33 is divided by u(a).
6
Let g(j) = 5*j + 5. Calculate the remainder when g(12) is divided by 23.
19
Suppose t + 0 - 4 = 0. Suppose -n + 4 = -t*m, -8 = -3*n + n + 4*m. What is the remainder when 6 is divided by n?
2
Suppose 3*l - c - 55 = 0, 2*c = l + 7*c - 13. Let a = l - 7. What is the remainder when 21 is divided by a?
10
Let x(j) = j**2 - 6*j + 3. Suppose -3*n + 158 = -4*b + 2*b, -156 = -3*n + 3*b. Calculate the remainder when n is divided by x(8).
16
Suppose 0 = 5*g - 7*g + 12. Calculate the remainder when g is divided by 2.
0
Calculate the remainder when 3/(1*2/12) is divided by 7.
4
Let g be -5 - (-2 + (-2)/2). Calculate the remainder when (-31)/(-1) + (-2 - g) is divided by 16.
15
What is the remainder when ((-15)/(-2))/(13/26) is divided by 5?
0
Suppose 0 = -5*o + 10, -3*b + 3*o + 14 = -b. What is the remainder when 27 is divided by b?
7
Let x be (8/10)/(14/(-420)). What is the remainder when 17/(4/x*-3) is divided by 9?
7
Suppose 0 = -v - 4*v. Suppose -4*i - 8 = -v. Calculate the remainder when 25 is divided by 11 - (-3 - i)*2.
12
Suppose 0 = 4*m + 5*y - 668, -2*y + 0*y + 668 = 4*m. What is the remainder when 55 is divided by m/6 + 2/12?
27
Suppose -3*o + o = 8, 4*d - 5*o - 20 = 0. Suppose 4*j + 0*f - 5*f - 65 = 0, -j - 2*f = d. What is the remainder when j is divided by 4?
2
Let f(p) = 27*p + 3. What is the remainder when f(5) is divided by 35?
33
Let j(q) = -q**2 - 8*q + 8. What is the remainder when 29 is divided by j(-8)?
5
Suppose -4*o + 4*g - 3*g - 169 = 0, 4*g = 4*o + 184. Let x = 61 + o. Calculate the remainder when x is divided by 0 + -2*1 - -9.
6
Let m be ((2 - 2) + 3)/3. Calculate the remainder when (m/3)/((-1)/(-81)) is divided by 14.
13
Let i = 24 - 1. Suppose 4*t - 19 = 29. Calculate the remainder when i is divided by t.
11
Let s(f) = 2*f**2 + 5*f - 3. Let m = 1 + -5. What is the remainder when s(m) is divided by (-14)/(4/(-2)) - 2?
4
Calculate the remainder when 58 is divided by 156/10 + 3/(-5).
13
Suppose 5*f + 2*h + 3*h = -15, 0 = -4*f + 2*h + 12. Let s = f + 14. What is the remainder when 72 is divided by s?
12
Suppose -3*u + 134 = -2*b - 0*b, 3*u - b - 133 = 0. Suppose 2*h + 12 = 42. Calculate the remainder when u is divided by h.
14
Suppose -2*o + 16 = -5*n, 8*n - 4*n - 32 = -4*o. Calculate the remainder when 69 is divided by o.
5
Let j(h) = 2*h + 24. What is the remainder when 70 is divided by j(0)?
22
Let l(b) = b**3 + 4*b**2 - 2*b. Let p be l(-6). Let z = p + 102. Calculate the remainder when z/9 + 8/(-12) is divided by 2.
0
Let i(m) = -43*m**2 + m - 1. Let u be i(1). Let r = -23 - u. Let d(g) = -g + 4. What is the remainder when r is divided by d(-7)?
9
Let r(s) = s**2 - s. Let u(b) = 5*b**2 - 13*b - 5. Let i(g) = 4*r(g) - u(g). What is the remainder when i(7) is divided by 11?
8
Suppose 5*q - 78 = -23. Suppose -2*b - b = -21. Let d = 23 + b. What is the remainder when d is divided by q?
8
Let s(q) = q**3 + 6*q**2 - 8*q - 6. Let u be s(-7). Suppose 2*n + 2*x = -n + u, 5*n - 27 = 3*x. Calculate the remainder when 5 is divided by n.
2
Suppose 5*t = 2 + 23. Suppose -2*a = t*w - 27, -w + 5 = 4. Suppose 62 = -2*c + 4*c. Calculate the remainder when c is divided by a.
9
Suppose 74 = 4*t + 2*q, 4*t = -2*q - q + 79. Suppose 93 = 5*f - 57. What is the remainder when f is divided by t?
14
Calculate the remainder when 26 is divided by -1 - (-14 - (3 + -2)).
12
Calculate the remainder when 24 is divided by (-2)/6*2*(-54)/12.
0
Let v(t) = t**2 + t - 3. Calculate the remainder when 32 is divided by v(-4).
5
Calculate the remainder when 0 - ((-218)/(-6))/((-3)/9) is divided by 28.
25
Let m(x) = -x + 3. Let i = 4 - 7. Let y be m(i). Suppose c - y = -c. What is the remainder when 4 is divided by c?
1
Let b be (-3 + 19)/(1*-1). Calculate the remainder when ((-24)/b)/(6/8) is divided by 2/3 + 2/6.
0
Suppose 0 = 3*c - 0 - 6. Let b = c + 0. Let a = 0 + 3. What is the remainder when a is divided by b?
1
Let a(f) = f**3 + f**2 - f + 23. Calculate the remainder when a(0) is divided by -13*(4/(-26) - (-88)/(-104)).
10
Let a(x) = -3*x - 3*x**2 - x**2 + 6 + 8*x + 5*x**2. Suppose -4*i - 2*r - 18 + 94 = 0, 0 = -5*i + 5*r + 65. What is the remainder when i is divided by a(-5)?
5
Let k be (-18)/(-8) - (-8)/(-32). Suppose -2*y + 176 = k*y. Let u = -15 - -38. Calculate the remainder when y is divided by u.
21
Suppose 2*b = -v - 0*b + 40, 0 = 3*b - 9. Calculate the remainder when v is divided by 12.
10
Let u(f) = f + 3. Suppose -3*g + 2 = -4*g. Calculate the remainder when 1 is divided by u(